{"id":114,"date":"2020-02-25T22:47:58","date_gmt":"2020-02-25T21:47:58","guid":{"rendered":"http:\/\/wfl.sk\/?page_id=114"},"modified":"2020-03-04T00:35:50","modified_gmt":"2020-03-03T23:35:50","slug":"cov","status":"publish","type":"page","link":"https:\/\/wfl.sk\/?page_id=114","title":{"rendered":"\u010cOV"},"content":{"rendered":"\t\t<div data-elementor-type=\"wp-page\" data-elementor-id=\"114\" class=\"elementor elementor-114\">\n\t\t\t\t\t\t<div class=\"elementor-inner\">\n\t\t\t\t<div class=\"elementor-section-wrap\">\n\t\t\t\t\t\t\t\t\t<section class=\"elementor-section elementor-top-section elementor-element elementor-element-8f0bce7 elementor-section-boxed elementor-section-height-default elementor-section-height-default\" data-id=\"8f0bce7\" data-element_type=\"section\">\n\t\t\t\t\t\t<div class=\"elementor-container elementor-column-gap-default\">\n\t\t\t\t\t\t\t<div class=\"elementor-row\">\n\t\t\t\t\t<div class=\"elementor-column elementor-col-100 elementor-top-column elementor-element elementor-element-1367a8b\" data-id=\"1367a8b\" data-element_type=\"column\">\n\t\t\t<div class=\"elementor-column-wrap elementor-element-populated\">\n\t\t\t\t\t\t\t<div class=\"elementor-widget-wrap\">\n\t\t\t\t\t\t\t\t<\/div>\n\t\t\t\t\t<\/div>\n\t\t<\/div>\n\t\t\t\t\t\t\t\t<\/div>\n\t\t\t\t\t<\/div>\n\t\t<\/section>\n\t\t\t\t<section class=\"elementor-section elementor-top-section elementor-element elementor-element-d61ab2a elementor-section-boxed elementor-section-height-default elementor-section-height-default\" data-id=\"d61ab2a\" data-element_type=\"section\">\n\t\t\t\t\t\t<div class=\"elementor-container elementor-column-gap-default\">\n\t\t\t\t\t\t\t<div class=\"elementor-row\">\n\t\t\t\t\t<div class=\"elementor-column elementor-col-100 elementor-top-column elementor-element elementor-element-481d301\" data-id=\"481d301\" data-element_type=\"column\">\n\t\t\t<div class=\"elementor-column-wrap elementor-element-populated\">\n\t\t\t\t\t\t\t<div class=\"elementor-widget-wrap\">\n\t\t\t\t\t\t<div class=\"elementor-element elementor-element-a910386 elementor-widget elementor-widget-spacer\" data-id=\"a910386\" data-element_type=\"widget\" data-widget_type=\"spacer.default\">\n\t\t\t\t<div class=\"elementor-widget-container\">\n\t\t\t\t\t<div class=\"elementor-spacer\">\n\t\t\t<div class=\"elementor-spacer-inner\"><\/div>\n\t\t<\/div>\n\t\t\t\t<\/div>\n\t\t\t\t<\/div>\n\t\t\t\t\t\t<\/div>\n\t\t\t\t\t<\/div>\n\t\t<\/div>\n\t\t\t\t\t\t\t\t<\/div>\n\t\t\t\t\t<\/div>\n\t\t<\/section>\n\t\t\t\t<section class=\"elementor-section elementor-top-section elementor-element elementor-element-fc76343 elementor-section-boxed elementor-section-height-default elementor-section-height-default\" data-id=\"fc76343\" data-element_type=\"section\">\n\t\t\t\t\t\t<div class=\"elementor-container elementor-column-gap-default\">\n\t\t\t\t\t\t\t<div class=\"elementor-row\">\n\t\t\t\t\t<div class=\"elementor-column elementor-col-100 elementor-top-column elementor-element elementor-element-f0aa2f4\" data-id=\"f0aa2f4\" data-element_type=\"column\">\n\t\t\t<div class=\"elementor-column-wrap elementor-element-populated\">\n\t\t\t\t\t\t\t<div class=\"elementor-widget-wrap\">\n\t\t\t\t\t\t<div class=\"elementor-element elementor-element-bd52156 elementor-widget elementor-widget-heading\" data-id=\"bd52156\" data-element_type=\"widget\" data-widget_type=\"heading.default\">\n\t\t\t\t<div class=\"elementor-widget-container\">\n\t\t\t<h1 class=\"elementor-heading-title elementor-size-default\">\u010cOV - \u010cistiarne odpadov\u00fdch v\u00f4d<\/h1>\t\t<\/div>\n\t\t\t\t<\/div>\n\t\t\t\t\t\t<\/div>\n\t\t\t\t\t<\/div>\n\t\t<\/div>\n\t\t\t\t\t\t\t\t<\/div>\n\t\t\t\t\t<\/div>\n\t\t<\/section>\n\t\t\t\t<section class=\"elementor-section elementor-top-section elementor-element elementor-element-f475617 elementor-section-boxed elementor-section-height-default elementor-section-height-default\" data-id=\"f475617\" data-element_type=\"section\">\n\t\t\t\t\t\t<div class=\"elementor-container elementor-column-gap-default\">\n\t\t\t\t\t\t\t<div class=\"elementor-row\">\n\t\t\t\t\t<div class=\"elementor-column elementor-col-33 elementor-top-column elementor-element elementor-element-337be6f\" data-id=\"337be6f\" data-element_type=\"column\">\n\t\t\t<div class=\"elementor-column-wrap elementor-element-populated\">\n\t\t\t\t\t\t\t<div class=\"elementor-widget-wrap\">\n\t\t\t\t\t\t<div class=\"elementor-element elementor-element-70ba5b1 elementor-widget elementor-widget-image\" data-id=\"70ba5b1\" data-element_type=\"widget\" data-widget_type=\"image.default\">\n\t\t\t\t<div class=\"elementor-widget-container\">\n\t\t\t\t\t\t\t\t<div class=\"elementor-image\">\n\t\t\t\t\t\t\t\t\t\t\t\t<img loading=\"lazy\" decoding=\"async\" width=\"1024\" height=\"768\" src=\"https:\/\/wfl.sk\/wp-content\/uploads\/2020\/03\/IMG_4462-1024x768.jpg\" class=\"attachment-large size-large\" alt=\"\" srcset=\"https:\/\/wfl.sk\/wp-content\/uploads\/2020\/03\/IMG_4462-1024x768.jpg 1024w, https:\/\/wfl.sk\/wp-content\/uploads\/2020\/03\/IMG_4462-300x225.jpg 300w, https:\/\/wfl.sk\/wp-content\/uploads\/2020\/03\/IMG_4462-768x576.jpg 768w, https:\/\/wfl.sk\/wp-content\/uploads\/2020\/03\/IMG_4462-1536x1152.jpg 1536w, https:\/\/wfl.sk\/wp-content\/uploads\/2020\/03\/IMG_4462-2048x1536.jpg 2048w, https:\/\/wfl.sk\/wp-content\/uploads\/2020\/03\/IMG_4462-600x450.jpg 600w\" sizes=\"auto, (max-width: 1024px) 100vw, 1024px\" \/>\t\t\t\t\t\t\t\t\t\t\t\t\t\t<\/div>\n\t\t\t\t\t\t<\/div>\n\t\t\t\t<\/div>\n\t\t\t\t\t\t<\/div>\n\t\t\t\t\t<\/div>\n\t\t<\/div>\n\t\t\t\t<div class=\"elementor-column elementor-col-66 elementor-top-column elementor-element elementor-element-cec8901\" data-id=\"cec8901\" data-element_type=\"column\">\n\t\t\t<div class=\"elementor-column-wrap elementor-element-populated\">\n\t\t\t\t\t\t\t<div class=\"elementor-widget-wrap\">\n\t\t\t\t\t\t<div class=\"elementor-element elementor-element-b9744fd elementor-widget elementor-widget-text-editor\" data-id=\"b9744fd\" data-element_type=\"widget\" data-widget_type=\"text-editor.default\">\n\t\t\t\t<div class=\"elementor-widget-container\">\n\t\t\t\t\t\t\t\t<div class=\"elementor-text-editor elementor-clearfix\">\n\t\t\t\t<h4><strong>\u010cOV &#8211; \u010distiarne odpadov\u00fdch v\u00f4d<\/strong><\/h4><p><span style=\"color: #000000;\">Biologick\u00e9 \u010distenie spla\u0161kov\u00fdch odpadov\u00fdch v\u00f4d z priv\u00e1tnej a komun\u00e1lnej sf\u00e9ry (rodinn\u00e9 domy, skupina rodinn\u00fdch domov, bytov\u00e9 domy, \u0161koly, re\u0161taur\u00e1cie, hotely a penzi\u00f3ny, z\u00e1vody, \u010derpacie stanice at\u010f.)<\/span><\/p>\t\t\t\t\t<\/div>\n\t\t\t\t\t\t<\/div>\n\t\t\t\t<\/div>\n\t\t\t\t\t\t<\/div>\n\t\t\t\t\t<\/div>\n\t\t<\/div>\n\t\t\t\t\t\t\t\t<\/div>\n\t\t\t\t\t<\/div>\n\t\t<\/section>\n\t\t\t\t<section class=\"elementor-section elementor-top-section elementor-element elementor-element-9b258a6 elementor-section-boxed elementor-section-height-default elementor-section-height-default\" data-id=\"9b258a6\" data-element_type=\"section\">\n\t\t\t\t\t\t<div class=\"elementor-container elementor-column-gap-default\">\n\t\t\t\t\t\t\t<div class=\"elementor-row\">\n\t\t\t\t\t<div class=\"elementor-column elementor-col-33 elementor-top-column elementor-element elementor-element-810de2f\" data-id=\"810de2f\" data-element_type=\"column\">\n\t\t\t<div class=\"elementor-column-wrap elementor-element-populated\">\n\t\t\t\t\t\t\t<div class=\"elementor-widget-wrap\">\n\t\t\t\t\t\t<div class=\"elementor-element elementor-element-67b8027 elementor-widget elementor-widget-image\" data-id=\"67b8027\" data-element_type=\"widget\" data-widget_type=\"image.default\">\n\t\t\t\t<div class=\"elementor-widget-container\">\n\t\t\t\t\t\t\t\t<div class=\"elementor-image\">\n\t\t\t\t\t\t\t\t\t\t\t\t<img loading=\"lazy\" decoding=\"async\" width=\"1024\" height=\"768\" src=\"https:\/\/wfl.sk\/wp-content\/uploads\/2020\/03\/IMG_4461-1024x768.jpg\" class=\"attachment-large size-large\" alt=\"\" srcset=\"https:\/\/wfl.sk\/wp-content\/uploads\/2020\/03\/IMG_4461-1024x768.jpg 1024w, https:\/\/wfl.sk\/wp-content\/uploads\/2020\/03\/IMG_4461-300x225.jpg 300w, https:\/\/wfl.sk\/wp-content\/uploads\/2020\/03\/IMG_4461-768x576.jpg 768w, https:\/\/wfl.sk\/wp-content\/uploads\/2020\/03\/IMG_4461-1536x1152.jpg 1536w, https:\/\/wfl.sk\/wp-content\/uploads\/2020\/03\/IMG_4461-2048x1536.jpg 2048w, https:\/\/wfl.sk\/wp-content\/uploads\/2020\/03\/IMG_4461-600x450.jpg 600w\" sizes=\"auto, (max-width: 1024px) 100vw, 1024px\" \/>\t\t\t\t\t\t\t\t\t\t\t\t\t\t<\/div>\n\t\t\t\t\t\t<\/div>\n\t\t\t\t<\/div>\n\t\t\t\t\t\t<\/div>\n\t\t\t\t\t<\/div>\n\t\t<\/div>\n\t\t\t\t<div class=\"elementor-column elementor-col-66 elementor-top-column elementor-element elementor-element-dbb92d8\" data-id=\"dbb92d8\" data-element_type=\"column\">\n\t\t\t<div class=\"elementor-column-wrap elementor-element-populated\">\n\t\t\t\t\t\t\t<div class=\"elementor-widget-wrap\">\n\t\t\t\t\t\t<div class=\"elementor-element elementor-element-07ce23b elementor-widget elementor-widget-image\" data-id=\"07ce23b\" data-element_type=\"widget\" data-widget_type=\"image.default\">\n\t\t\t\t<div class=\"elementor-widget-container\">\n\t\t\t\t\t\t\t\t<div class=\"elementor-image\">\n\t\t\t\t\t\t\t\t\t\t\t\t<img loading=\"lazy\" decoding=\"async\" width=\"300\" height=\"225\" src=\"https:\/\/wfl.sk\/wp-content\/uploads\/2020\/03\/IMG_4460-300x225.jpg\" class=\"attachment-medium size-medium\" alt=\"\" srcset=\"https:\/\/wfl.sk\/wp-content\/uploads\/2020\/03\/IMG_4460-300x225.jpg 300w, https:\/\/wfl.sk\/wp-content\/uploads\/2020\/03\/IMG_4460-1024x768.jpg 1024w, https:\/\/wfl.sk\/wp-content\/uploads\/2020\/03\/IMG_4460-768x576.jpg 768w, https:\/\/wfl.sk\/wp-content\/uploads\/2020\/03\/IMG_4460-1536x1152.jpg 1536w, https:\/\/wfl.sk\/wp-content\/uploads\/2020\/03\/IMG_4460-2048x1536.jpg 2048w, https:\/\/wfl.sk\/wp-content\/uploads\/2020\/03\/IMG_4460-600x450.jpg 600w\" sizes=\"auto, (max-width: 300px) 100vw, 300px\" \/>\t\t\t\t\t\t\t\t\t\t\t\t\t\t<\/div>\n\t\t\t\t\t\t<\/div>\n\t\t\t\t<\/div>\n\t\t\t\t\t\t<\/div>\n\t\t\t\t\t<\/div>\n\t\t<\/div>\n\t\t\t\t\t\t\t\t<\/div>\n\t\t\t\t\t<\/div>\n\t\t<\/section>\n\t\t\t\t<section class=\"elementor-section elementor-top-section elementor-element elementor-element-6a2fd1a elementor-section-boxed elementor-section-height-default elementor-section-height-default\" data-id=\"6a2fd1a\" data-element_type=\"section\">\n\t\t\t\t\t\t<div class=\"elementor-container elementor-column-gap-default\">\n\t\t\t\t\t\t\t<div class=\"elementor-row\">\n\t\t\t\t\t<div class=\"elementor-column elementor-col-100 elementor-top-column elementor-element elementor-element-784b7c6\" data-id=\"784b7c6\" data-element_type=\"column\">\n\t\t\t<div class=\"elementor-column-wrap elementor-element-populated\">\n\t\t\t\t\t\t\t<div class=\"elementor-widget-wrap\">\n\t\t\t\t\t\t<div class=\"elementor-element elementor-element-efe3f9f elementor-widget elementor-widget-spacer\" data-id=\"efe3f9f\" data-element_type=\"widget\" data-widget_type=\"spacer.default\">\n\t\t\t\t<div class=\"elementor-widget-container\">\n\t\t\t\t\t<div class=\"elementor-spacer\">\n\t\t\t<div class=\"elementor-spacer-inner\"><\/div>\n\t\t<\/div>\n\t\t\t\t<\/div>\n\t\t\t\t<\/div>\n\t\t\t\t\t\t<\/div>\n\t\t\t\t\t<\/div>\n\t\t<\/div>\n\t\t\t\t\t\t\t\t<\/div>\n\t\t\t\t\t<\/div>\n\t\t<\/section>\n\t\t\t\t\t\t\t\t\t<\/div>\n\t\t\t<\/div>\n\t\t\t\t\t<\/div>\n\t\t","protected":false},"excerpt":{"rendered":"<p>\u010cOV &#8211; \u010cistiarne odpadov\u00fdch v\u00f4d \u010cOV &#8211; \u010distiarne odpadov\u00fdch v\u00f4d Biologick\u00e9 \u010distenie spla\u0161kov\u00fdch odpadov\u00fdch v\u00f4d z priv\u00e1tnej a komun\u00e1lnej sf\u00e9ry (rodinn\u00e9 domy, skupina rodinn\u00fdch domov, bytov\u00e9 domy, \u0161koly, re\u0161taur\u00e1cie, hotely a penzi\u00f3ny, z\u00e1vody, \u010derpacie stanice at\u010f.)<\/p>\n","protected":false},"author":1,"featured_media":0,"parent":0,"menu_order":0,"comment_status":"closed","ping_status":"closed","template":"","meta":{"spay_email":"","footnotes":""},"class_list":["post-114","page","type-page","status-publish","hentry"],"_links":{"self":[{"href":"https:\/\/wfl.sk\/index.php?rest_route=\/wp\/v2\/pages\/114","targetHints":{"allow":["GET"]}}],"collection":[{"href":"https:\/\/wfl.sk\/index.php?rest_route=\/wp\/v2\/pages"}],"about":[{"href":"https:\/\/wfl.sk\/index.php?rest_route=\/wp\/v2\/types\/page"}],"author":[{"embeddable":true,"href":"https:\/\/wfl.sk\/index.php?rest_route=\/wp\/v2\/users\/1"}],"replies":[{"embeddable":true,"href":"https:\/\/wfl.sk\/index.php?rest_route=%2Fwp%2Fv2%2Fcomments&post=114"}],"version-history":[{"count":3,"href":"https:\/\/wfl.sk\/index.php?rest_route=\/wp\/v2\/pages\/114\/revisions"}],"predecessor-version":[{"id":293,"href":"https:\/\/wfl.sk\/index.php?rest_route=\/wp\/v2\/pages\/114\/revisions\/293"}],"wp:attachment":[{"href":"https:\/\/wfl.sk\/index.php?rest_route=%2Fwp%2Fv2%2Fmedia&parent=114"}],"curies":[{"name":"wp","href":"https:\/\/api.w.org\/{rel}","templated":true}]}}